Suppose -m = -8*p + 4*p. Is p a composite number?
True
Suppose -3*p = 5*p + 8952. Let s = -418 - p. Is s composite?
False
Let h = 83663 - 58326. Is h a prime number?
False
Let k(z) = z**2 - 3*z + 6247. Is k(0) a prime number?
True
Let a(g) = 3*g**3 - 4*g**2 - g - 3. Suppose -2*d + 16 + 6 = 0. Suppose 0*y + 10 = 4*n + 2*y, d = -n - 5*y. Is a(n) prime?
False
Let r = 1211 + 1082. Is r a composite number?
False
Suppose -4*g + 3*d = 114, -5*g + 4*d - 2*d = 146. Let m be g*((-58)/4 + -3). Suppose m = 5*w + 5*y, -5*w + 3*y = -4*w - 109. Is w a prime number?
False
Let i = -182 + 261. Suppose -3*k = -356 - i. Is k composite?
True
Let f = -7 + 8. Let s be f/(-8) + 52570/80. Suppose -s - 786 = -3*j. Is j a prime number?
False
Suppose -w + 2*y = 3*w - 188, 0 = 5*w - 2*y - 236. Is (1 - -25)/(w/264) a prime number?
False
Let k be (-1125)/(-6) - 2/(-4). Suppose -5*x + 5*d = 230, -d - 4*d = -4*x - k. Let a = -28 - x. Is a a prime number?
False
Suppose -3*b + 49073 = 5*f, 3*b + 65416 = 7*b + 3*f. Is b a prime number?
False
Let l be (-4 - (1 + -4)) + (2 - 1). Suppose l = 2*x + 5*f - 2338, 3507 = 3*x + 2*f - f. Is x prime?
False
Let j(x) = 212*x - 16. Let c be j(11). Let g be c/27 + 2/9. Let w = g + -31. Is w prime?
False
Let x(p) = p**3 - 6*p**2 - 6*p - 4. Let z be x(7). Let d(v) = -4 + v - 7*v**2 - 10*v + 2*v**3 - z*v**3. Is d(-7) a prime number?
True
Let k = 4 - 6. Let m be -2 - (17 - 3)/k. Suppose 3*q = 2*q - m*s + 82, 2*q - s = 109. Is q a prime number?
False
Let u(p) = 69*p + 22. Let s(a) = -138*a - 42. Let n(c) = 3*s(c) + 5*u(c). Is n(-3) a composite number?
False
Let r(t) = 2928*t**3 - 5*t**2 - 2*t + 2. Is r(1) composite?
True
Suppose -x + 10913 = 2*x - 5*t, 10925 = 3*x + t. Is x prime?
False
Let b be (-20332)/(-6) - 5/(-15). Suppose b = 5*r - 2456. Is r a prime number?
False
Suppose 0 = -5*z + 26*y - 29*y + 35357, -3*z + 21215 = 2*y. Is z a prime number?
True
Let n(q) = 40*q**2 + 1. Let c be (84/24)/((-1)/(-4)). Let i = 12 - c. Is n(i) prime?
False
Suppose -3*c - v + 4 = -18, 3*c - v - 26 = 0. Suppose -r = -c*r + 7973. Is r prime?
False
Let i(l) = 585*l - 181. Is i(20) composite?
False
Let d be (97*-2)/(16/(-8)). Let m = d - 20. Is m composite?
True
Suppose -n = 4*r + 17, -5*n + 10*n - 5*r - 40 = 0. Suppose n*a - 508 = 119. Is a prime?
False
Suppose 5 = o, 2*k = 3*o - 201 + 870. Let f = k - 91. Is f composite?
False
Suppose -4 + 64 = -5*a + 2*b, 2*a - 5*b = -45. Let s(n) be the first derivative of -n**4/4 - 3*n**3 + n**2 - 6*n + 3. Is s(a) a composite number?
True
Let l = -22 - -23. Is 553 + 0 - (-2)/(l/(-1)) a composite number?
True
Suppose 2*i + 2 = -0. Is i + (-4 - -5)*684 a composite number?
False
Let x(c) be the second derivative of -c**5/60 + 5*c**4/12 - c**3/6 + 7*c**2/2 - 3*c. Let r(o) be the first derivative of x(o). Is r(6) prime?
True
Let u(z) be the first derivative of -2*z**3/3 + 11*z**2/2 + 6*z - 3. Let h be u(5). Suppose 8*w + 105 = h*w. Is w a composite number?
True
Let t be 1 - 1*(-2)/1. Suppose -4 + 13 = -3*k, -2*k = 2*w + 12. Is w - (1 - t) - -104 a composite number?
False
Suppose -8*s + 155 = 27. Suppose -17*t = -s*t - 626. Is t a composite number?
True
Is ((-2)/(-10))/((-1)/(-11335)) a prime number?
True
Let c = 37 + -39. Is 28/(-8) + 4 + (-1257)/c a composite number?
True
Suppose -2*v + 3*v = 5*x + 3581, -4*x = -v + 3577. Let a = v - 2312. Is a a prime number?
True
Let v = -124 - -473. Let u = -192 + v. Is u a composite number?
False
Let j(l) = 2*l - 26. Let r be j(13). Let s(t) be the third derivative of -t**5/60 + t**4/12 + 205*t**3/6 + t**2. Is s(r) a prime number?
False
Suppose -197 - 2137 = -s. Let j be (-3)/(3/s*-6). Suppose 2*n = -3*b - 2*n + 249, 2*n = 5*b - j. Is b a composite number?
False
Suppose -2 = z + 3. Let n(u) = u**3 + 7*u**2 + 2*u - 5. Is n(z) composite?
True
Suppose -1146 + 10782 = 4*h - 4*s, h + 4*s - 2429 = 0. Is h a composite number?
True
Let c be 9/2 - 21/42. Suppose -c = 4*u - 16. Suppose 2*t + 161 = u*t. Is t a prime number?
False
Suppose 0 = -2*f - 4*l + 3174, -3*l + 4*l = 2*f - 3164. Suppose -2*b - f = -10*u + 5*u, 1240 = 4*u + 5*b. Let k = u - 104. Is k a prime number?
True
Let x(b) = 213*b - 23. Let t = 18 - 12. Is x(t) composite?
True
Is -4 - (3 - 8830) - 5 prime?
False
Let x = -30 + 24. Is 534/(-4)*-3*(-4)/x prime?
False
Let f = -705 - -1474. Is f composite?
False
Suppose 0 = 5*h - j - 14972, 5*h - 4*j + 48 - 15011 = 0. Is h composite?
True
Let u(i) = i**3 - 13*i**2 + 12*i. Let b be u(12). Suppose 5*z + 205 = 3*v, 4*v + 2*z - 314 + 32 = b. Suppose -3*l = -v - 491. Is l a composite number?
True
Suppose 16664 = m + 5*q, 20*m - 4*q + 50003 = 23*m. Is m a prime number?
False
Suppose -3*b - 32 = 4*q, -2*q + 3*b + 3 - 1 = 0. Let t be 30/(-9)*294/q. Suppose 0 = k, 4*l + 6*k - 3*k = t. Is l a composite number?
True
Let z(r) = -5*r**3 - 3*r**2 + 7*r - 4. Let u(m) = m**3 + 1. Let k(p) = 2*u(p) - z(p). Is k(5) prime?
False
Let t(p) = -421*p + 123. Is t(-8) prime?
True
Let y(f) be the third derivative of -f**6/60 + f**4/3 - 7*f**3/6 - 18*f**2. Is y(-7) composite?
True
Is (12517/(-2))/((-24)/48) a composite number?
False
Let q(v) = -4526*v + 9. Suppose 0 = 8*x + 4 + 4. Is q(x) a composite number?
True
Let x(d) = -d**3 + 16*d**2 - 13*d + 13. Let p be 4/34 - 253/(-17). Is x(p) composite?
False
Let i(k) = 13*k**3 - 2*k**2 - 2*k - 1. Let d be i(-1). Let p(l) be the third derivative of -l**5/60 - l**4 - 13*l**3/6 + 21*l**2. Is p(d) composite?
False
Suppose -4*n + n = 0. Suppose -12 = 3*u + 3*s, -u = -0*s + 2*s + 8. Suppose 2*r + 2*r + l - 215 = n, r + 2*l - 59 = u. Is r a composite number?
False
Suppose -41*d + 20*d + 13251 = 0. Is d prime?
True
Let j(q) = 5699*q - 461. Is j(12) prime?
True
Let w(n) = n**2 - n - 4. Let v be w(3). Is (v - 393)*(-1)/1 a composite number?
True
Let f(j) = 103*j - 39. Is f(8) a prime number?
False
Let v = -293 + 126. Let o = v - -294. Is o a composite number?
False
Let v = -7 + 10. Suppose 0 = 5*l + h - 62, h + 34 = v*l - 0*h. Let b(r) = r**2 - 2*r - 1. Is b(l) composite?
True
Suppose 0 = -3*h + 14 + 37. Is h/8*-10*-4 a prime number?
False
Let y = 3847 + -1014. Is y prime?
True
Let z(l) = -1351*l - 213. Is z(-4) prime?
False
Suppose 4*y = -5*y + 8811. Is y a composite number?
True
Let f = 2215 - 203. Suppose -2032 = -3*i - 5*d, -3*i - d + f = -0*d. Is i composite?
True
Let v be 0 - 4 - (-11 + 5). Suppose v*u = 1420 - 482. Is u a composite number?
True
Is -4 + (2 - -13536)*9/6 composite?
True
Let t = 11 - -1. Suppose -f + 41 = -t. Suppose 4*g - 31 - f = 0. Is g a prime number?
False
Let p = -28 + 36. Suppose p*x + 1357 = 9*x. Is x a prime number?
False
Suppose 3*g - g + 18 = 0. Let w(s) = s**3 + 12*s**2 + 12*s - 5. Let z be w(g). Suppose -352 = -n + z. Is n composite?
True
Let m be -10 - -15 - (1 + 0). Is (-792)/(-2) + (m - 3) a composite number?
False
Is (12626/4)/((-44)/(-88)) prime?
False
Let v(a) = 2*a**2 - 10*a - 9. Let p be v(9). Let u = p - 33. Let i = 7 + u. Is i prime?
True
Let z = -12 + 8. Let p(b) = -b**3 - 2*b**2 + b + 2. Let k be p(z). Suppose -a = a - k. Is a a prime number?
False
Let b(k) = -4*k - 1. Let c be 0 - -2 - (1 + 2). Let n be b(c). Is 166 + n + (-4 - -1) prime?
False
Suppose 3 = 7*s - 10*s. Is s/3 + (-3160)/(-12) a composite number?
False
Suppose -7*o + 3*o + 3212 = 0. Is o a composite number?
True
Suppose -2*s + 27943 = 11237. Is s prime?
True
Suppose 11*i + 70 = 4*i. Let x = i + 14. Suppose x*y = 3*r + 1504, -2*r = -0 - 8. Is y prime?
True
Let r = 91 - -73. Is -4 - (-4)/(16/r) prime?
True
Let y(v) = -13*v - 4. Let t(w) = 25*w + 7. Let f(p) = 4*t(p) + 9*y(p). Is f(-9) prime?
False
Suppose -5*z = -26 + 1. Suppose z*g - 673 = -m + 2*g, 0 = 2*g. Suppose 3*d + 5*f - m = 0, -d = 3*d - 4*f - 876. Is d a composite number?
True
Suppose -5*k + 0 + 10 = 0. Let p(z) = z**3 - 3*z**2 - 3*z. Let c be p(4). Suppose -q = 2*q + c*b - 1061, -5*q + 1745 = k*b. Is q prime?
True
Is 62101/78 + 35/42 a composite number?
False
Suppose -4*y = 5*a - 79, -y + 48 = 3*a + 2*y. Let h be 6/a - 6/(-10). Is (19 + h)/2 - -3 composite?
False
Let v(p) = 118*p**2 + 17*p - 259. Is v(-18) composite?
True
Suppose -2*c + 4*c - 266 = 0. Suppose -7*y + 434 = c. Is y composite?
False
Suppose f + 15 = 10. Let v(a) = -165*a - 10. Is v(f) a composite number?
True
Suppose 0 = 5*h + 5*a - 37065, -3*a - 3832 